 n(p).
4
Let d be 7 + (-2584)/187 - 4/22. Let y(w) = 2*w**2 + 14*w + 9. Give y(d).
9
Let m(l) = -l**2 + 0*l**3 - 8*l**3 - 2 + 3*l**3 + 3*l. Let n be m(1). Let f(b) = 27*b + 5. Let k(c) = -14*c - 3. Let z(i) = n*k(i) - 3*f(i). Determine z(1).
-11
Let u(f) = -f**2 - 16*f - 42. Let z(w) = -3*w**2 - 47*w - 141. Let q(t) = -7*u(t) + 2*z(t). Let j(o) = 17*o. Let m be j(-1). Give q(m).
-5
Let x = -12 - -14. Suppose -9*c + 15 = -21. Let t(r) = 1 - r - 6*r**2 - c + 7*r**2 - x*r. Calculate t(4).
1
Let l(w) = w**2 - 4*w - 5. Let a(s) be the first derivative of 23 + 23*s + 1/2*s**2. Let f be a(-18). Determine l(f).
0
Suppose 37*q - 44*q + 665 = 0. Suppose 103*j = q*j + 24. Let v(a) = -2*a**2 + 2*a - 4. Determine v(j).
-16
Suppose 4*c + 3 = 15. Suppose 0 = -w - 0*w + 4*d - 6, c*d = -3. Let j(l) be the first derivative of l**2/2 + 11*l - 39. Calculate j(w).
1
Let y(v) = -v**2 - 4*v + 5. Let c(s) = 29*s + 11 + 14*s + 10*s**2 - 2*s**2. Let a be c(-5). Determine y(a).
5
Let u(n) be the first derivative of 120 + 70 - 2151*n + 1077*n + 1076*n - 6*n**2. Calculate u(-2).
26
Suppose -7 = v - 3*p, -5*p + 8 + 4 = -2*v. Let l be (-2)/(-3 - ((v - 2) + -2)). Let t be l/(8/6 + 7/(-21)). Let a(w) = -13*w - 1. What is a(t)?
12
Let k be 276/(-207)*6/(-4). Let p(j) = -6*j + 10. Give p(k).
-2
Let l(n) = -7*n**3 + 7*n**2 - 10*n - 7. Let x(z) = -7*z**2 + 1402 - 1393 + 8*z**3 + 7*z + 3*z. Let r(w) = -7*l(w) - 6*x(w). Give r(4).
-13
Let n(s) = 96 - 4*s**3 - 689786*s - 23*s**2 + 3*s**3 + 689768*s. Determine n(-22).
8
Let y(n) = n**3 + 6*n**2 + 18*n + 53. Suppose 3*g - 8 = 5*r, -145 = -2*g - 153. Calculate y(r).
13
Suppose 7 - 5 = x. Suppose 2*h - 3*o - 72 = -3*h, -x*o + 2 = 0. Suppose -3*m - 4*r + 12 = 0, -3*r - 2*r + h = -5*m. Let v(n) = n - 7. Calculate v(m).
-7
Let v(n) = -n**2 + 2. Let f(b) = 5*b**2 - 4*b + 5. Let q(k) = f(k) + 6*v(k). Let l be q(-7). Let u(i) = i**3 + 5*i**2 + 3*i - 3. Give u(l).
1
Let j be ((-34)/85)/((-1)/5). Suppose -9*a + 24 = -r - 4*a, -j*r - 16 = -2*a. Let q(b) = -b**3 - 4*b**2 - 1. Give q(r).
-1
Suppose -15*y - 36 = -27*y. Let u(k) = -k**3 + 4*k**2 - 3*k + 4. What is u(y)?
4
Suppose 3*r = -5*l + 11, 0*r = 3*l + 4*r - 11. Let x be 1/(0 + l + 0). Let m(g) = -5*g**2 - 46*g + 14*g - 107 + 17*g + 106 + 16*g. Determine m(x).
-5
Suppose 69 - 190 = -121*g. Let x(f) = -36*f + 7. Determine x(g).
-29
Suppose 0 = -13*o + 10*o - 18. Let r be (-182)/39 + (-4)/o. Let n be (-2)/9 - r*(-2)/(-36). Let c(x) = -x**3 - x**2 - x - 8. Give c(n).
-8
Let i be (3 - (2 - -2))/3*-9. Suppose -b = -3*f - i - 11, -5*f - 5*b - 50 = 0. Let m(s) = s. Calculate m(f).
-6
Let u(v) be the first derivative of -9*v**2/2 + 12*v + 775. Determine u(3).
-15
Let p = 54 + -50. Let g(k) = p*k - 2*k - 5 + 0*k**2 + 7*k - k**2. Let f be 1/4 - ((-434)/(-8))/(-7). Calculate g(f).
3
Let j(p) = -7*p**2 + 41*p - 35. Let n be j(5). Let c(b) = b**3 + 7*b**2 + 11*b + 1. What is c(n)?
-4
Let c = 13260 - 13266. Let u(r) = -2*r**3 - 9*r**2 + 20*r + 21. Determine u(c).
9
Let w(z) = -z**2 - 25*z - 11. Let p(c) = 10*c + 8. Let u be p(2). Let l = u + -23. Let o(g) = -g**2 - 17*g - 7. Let r(y) = l*w(y) - 7*o(y). What is r(5)?
14
Let r = 1 + -5. Let n(x) = -1 - 11*x + 36*x + 17*x - 22*x - 19*x + 0 - x**2. What is n(r)?
-21
Let v(j) be the first derivative of -j**5/60 - j**4/12 + j**3/6 - 59*j**2/2 - 56. Let m(s) be the second derivative of v(s). What is m(-2)?
1
Let o be (-208)/(-5) - 10/(-25). Let m = o + -39. Let c(s) = 2*s**2 + 4*s**2 - 8*s**2 - 2 - 6*s**2 - 7*s - s**m. What is c(-7)?
-2
Let z be 2/(3 - -3)*9. Suppose -2*a = -4*v + 8 + 20, z*v = -2*a. Let f(q) = q**3 + 5*q**2 - 7*q. Give f(a).
6
Let r(k) = 5*k**3 - k**2 - k - 1. Let j be r(-1). Let x(b) = 21*b + 13. Let l(w) = -601*w - 368. Let y(g) = 2*l(g) + 57*x(g). What is y(j)?
35
Let f(c) = -3*c**3 - 3*c**2 - 65*c - 6. Let w be f(-12). Let b(g) = 1 + w*g - 4 + 1 - 5523*g. Determine b(1).
1
Let v(h) = -2*h**3 + 5*h**2 - h + 1. Let t(x) = -9*x**3 + 22*x**2 - 11*x + 8. Let j(y) = -t(y) + 5*v(y). Let m(g) = -2*g - 5. Let c be m(-5). Determine j(c).
-23
Let i be (42/18)/(2/6). Let t(x) = 3*x**3 - 2*x**3 - i*x**2 - 14 + 1 + 0*x**3 - 6*x. Give t(8).
3
Let r = -157 + 166. Suppose 0 = 4*m + 5*h + r, -m + 2*m + 2*h = 0. Let t(o) = o - 7. Determine t(m).
-13
Let f(s) = 6*s. Suppose -4*h + y = 51, -h = y + 2*y + 3. Let u be (h/3)/(-4)*(-3 - 0). Let x be (u/1)/(27/(-18)). Calculate f(x).
12
Let o(q) = -q**2 + 5*q + 7. Let p be o(3). Suppose 0 = 2*h - 41 + p. Suppose -h*l = -16*l - 8. Let c(b) = b**3 + 5*b**2 + 2*b + 4. What is c(l)?
12
Suppose 0 = 108*x + 1265 - 1049. Let w(l) = 13*l**2 + 2*l + 8. What is w(x)?
56
Let y(u) = -15*u**2 - 2*u + 14. Let k(w) = 7*w**2 - 3*w - 15. Let a(f) = f + 2. Let n(r) = 4*a(r) + k(r). Let c(x) = -9*n(x) - 4*y(x). Calculate c(2).
-7
Let t = 197/1170 + -1/585. Let d(k) be the third derivative of t*k**3 + 0*k - 3/8*k**4 + 16*k**2 + 0. What is d(2)?
-17
Suppose 3*x - 2*g = 14 - 18, 2*g = -6*x - 50. Let j(r) = -3*r**2 - 4*r - 12. Calculate j(x).
-96
Let g be 18/(-48) + (-43)/(-8). Let a be 6 + (-19)/g - 1/5. Let m(r) = -8*r**2 + 1 - 8*r**3 + 3*r**2 + r + 0 + 4*r**a. Determine m(-1).
7
Let p be -3 - -19 - (-19 + 31) - 6. Let n(m) = 37*m - 21. Calculate n(p).
-95
Let f(r) = -r**3 - 9*r + r - 7*r**2 - 6 + 2. Let g = -21646 + 21641. Calculate f(g).
-14
Let t(j) = -j**2 - j + 3. Let n be t(0). Let g(m) = 2*m - n - 13*m + 0*m. Suppose -4*h - 10 = h. Determine g(h).
19
Let x(s) = -4*s**2 + s. Let v be (8 - 0)*(-3)/(-6). Let w be v/(-6)*(-450)/12. Let t = w - 24. Determine x(t).
-3
Suppose -11*j = -8*j. Let b be -5 - -8 - j/(-2). Let w(h) = 2 + 0 - h - 3*h + h**2 - 3. Determine w(b).
-4
Let x(s) be the first derivative of -s**4/4 + 8*s**3/3 - 9*s**2/2 + s - 395. Determine x(7).
-13
Let p(x) = -x**3 + 4*x**2 + 6 - 49*x + 21*x - 24*x + 2*x**3 + 20*x**2. Give p(-26).
6
Let i(w) = -3*w - 23*w**2 - 1 - 21*w**2 + 63*w**2 - 21*w**2 - w**3. Let j be -3 + 1 - (-38 + 38). Calculate i(j).
5
Let n(f) = f**2 - 9*f + 5. Let u = 151 - 148. Suppose -2 = -u*d - 5*g + g, 3*d = 5*g + 38. Determine n(d).
-13
Let r(c) be the first derivative of c**4/4 - 2*c**3 + 2*c**2 - 5*c + 930. Calculate r(4).
-21
Let l(y) be the third derivative of y**6/20 - y**5/20 + 13*y**4/24 - y**3 - 73*y**2. Let d(a) = 3*a**3 - a**2 + 7*a - 3. Let q(z) = -5*d(z) + 3*l(z). Give q(2).
13
Let q(o) = -o**2 - 9*o + 7. Suppose -14 = g + 3*v, 177*v - 28 = 2*g + 174*v. Determine q(g).
-63
Suppose 4*h - 19 = -3*a, a - 3*a = 5*h - 15. Let c(g) = 41 - 78 + a*g + 39. Let m(d) = d**2. Let t(v) = c(v) + m(v). What is t(-6)?
8
Suppose -6 = l - 0*l. Let q(r) = -r**3 - 2*r**2 + 7*r + 13. Let c(g) = 2*g**3 + 5*g**2 - 15*g - 24. Let m(o) = 3*c(o) + 5*q(o). Give m(l).
17
Let d(j) = -j**2 - 1. Let o(i) = i**3 - 10*i**2 - 9*i + 4. Let a(n) = -5*d(n) + o(n). Suppose 2*s = 19 - 7. Give a(s).
-9
Let n(t) = -t**3 - 12*t**2 + 33*t + 392. Let h be n(-12). Let s(f) = -f**3 + f**2 - 4*f - 3. Give s(h).
93
Suppose u = 7*t - 6*t + 9, -37 = -5*u + t. Let r(q) = 0*q**2 + 14 + u*q**2 - 2*q**2 - 2*q**2 - q - 2*q**2. What is r(0)?
14
Suppose 2*g = -4*w + 8, 4*w - 36*g = -33*g - 22. Let n(y) = -37*y**3 - y**2 - 3*y - 2. Determine n(w).
37
Let o(d) = -21*d**3 - d**2 - d + 2. Let q(h) = -h**2 - h + 1. Let i(r) = -o(r) + q(r). Suppose -2*c - 6 = z + 3*c, 1 = 2*z - 3*c. Calculate i(z).
-22
Let z be 3 - ((-2)/2 + 4). Suppose 2*k + d - 5 = 0, 4*k + 0*k + 5*d - 25 = z. Suppose k = -12*i + 11*i + 2. Let l(m) = 2*m**3 - 3*m**2 + m - 1. Determine l(i).
5
Suppose -4 = 2*l - 3*x, -4*l = -3*x + 2*x + 18. Let s(w) be the second derivative of w**4/12 + w**3 + 194830*w. Determine s(l).
-5
Let h(j) = -17*j - 25. Let f be h(-2). Let s be 0 + 7 + (f - 30/3). Let d(k) = k**3 - 7*k**2 + 7*k + 6. What is d(s)?
12
Let o(j) = 5*j**2 - j**3 + 0 + 0*j**3 + 4 - j. Let y(q) = 24*q**2 - 70*q + 2. Let m be y(7). Suppose 6*x - 718 = -m. Determine o(x).
-1
Let s = -32 + 33. Suppose -2*c + 5*p + 19 = 0, 7*c - 3*c - 17 = 3*p. Let b(g) = 2 - 4*g**2 + 2*g**2 + 2*g + 9*g**3 + 0*g**c - 3. Determine b(s).
8
Let r(h) = h**3 - h**2 - 5*h - 3. Let x(a) = a**3 - 4*a**2 - 12*a - 5. Let c(g) = -2*r(g) + x(g). Determine c(-1).
2
Let r = 1698 + -1676. Let b be (-6)/15 - (-68)/(-5). Let q = b + r. Let t(w) = -w + 3. Give t(q).
-5
Suppose 13*b - 10*b = -9, -2*w + 21 = -3*b. S